851. Suppose -2*m + t = 3*m. Suppose -2 - m = -6*j. What are the prime factors of j?
2, 13
Let y = 52 - 52. Suppose 2*g + w - 106 = -2*w, y = 5*g - 2*w - 227. What are the prime factors of g?
47
Suppose -4*r - 4*q = -3*q - 12, 2*r = 4*q - 12. Let h = r + 3. Suppose -2*p - 5*u + 15 = 0, 3*u + h = p - 8. What are the prime factors of p?
2, 5
Let q = -52 + 51. List the prime factors of (q - -7)*152/12.
2, 19
Let n = -1226 + 1779. List the prime factors of n.
7, 79
Suppose -3*s + 6201 = 3*w - 0*w, -2*s = 8. List the prime factors of w.
19, 109
Let d = -167 - -296. List the prime factors of d.
3, 43
Let j(i) be the third derivative of 7/30*i**5 - 1/6*i**3 - 2*i**2 + 0 + 0*i - 1/8*i**4. What are the prime factors of j(-2)?
61
Let m(v) = 65*v**2 + 233*v + 2. What are the prime factors of m(-7)?
2, 389
Let g = 261 - 141. Suppose -26 - g = -2*m. Let k = m + -41. What are the prime factors of k?
2
What are the prime factors of 1016/5 - 37/185?
7, 29
Suppose -16*y = -4*y - 72. Let p(z) = z**3 - 6*z**2 + 6*z + 5. What are the prime factors of p(y)?
41
What are the prime factors of 9166/6 - 385/(-165)?
2, 3, 5, 17
Let c be (-10 + 16)/(3/2). Suppose -20 = c*i + 28. What are the prime factors of i/(-8)*(-56)/(-6)?
2, 7
Suppose -w = -3*w, -4*p - 4*w + 64 = 0. What are the prime factors of p/(-8) + (-96)/(-2)?
2, 23
Suppose -122*w + 1320 = -119*w. Suppose -4*u + w = u. What are the prime factors of u?
2, 11
Let v(x) = x**3 + 9*x**2 - 12*x + 12. Let s be v(-9). Suppose -775 = -5*l - s. Suppose 3*r + l = 2*u, -5*r + 2*r + 253 = 4*u. List the prime factors of u.
2
Let v be 2*(-4)/(-6)*42/8. Suppose -v*c + 1124 = 431. List the prime factors of c.
3, 11
Let a = -12 - -16. Suppose -a*q - q - 4*u = -87, 3*q = -5*u + 47. Let o = q + -4. List the prime factors of o.
3, 5
Let k be 41/4 + (-12)/48. Let t(l) = l**3 - 10*l**2 - l. Let z be t(k). List the prime factors of (-304)/z - 14/35.
2, 3, 5
Suppose -5*a - 4 = y - 27, 0 = -y + 5*a - 17. Suppose 3*v = 6*v + y. Let q(i) = -20*i. What are the prime factors of q(v)?
2, 5
Let d = 152 + 696. List the prime factors of d.
2, 53
Suppose -12*o = 2*z - 8*o - 8062, 0 = -3*z - 5*o + 12090. List the prime factors of z.
5, 7, 23
Let d(q) = -3*q**2 + 58*q - 2. List the prime factors of d(17).
3, 13
Suppose -8*v + 2862 = -2*v. Suppose -b - 4*o = -123, v = -0*b + 4*b + o. List the prime factors of b.
7, 17
Suppose -2*k + 424 + 24 = 0. Suppose -4*y = 3*f - k, 2*f - y = 190 - 37. List the prime factors of f.
2, 19
Let t = -16 - 120. Let s = -21 - t. What are the prime factors of s?
5, 23
Suppose 1 = 3*j - 5. Suppose g = -j*g - 3. List the prime factors of (-2)/(((-4)/(-20))/g).
2, 5
Suppose 2*d + 21200 = 4*k, 102 = -k + d + 5404. What are the prime factors of k?
2, 3, 883
Let y(k) = k**3 + 7*k**2 + 3*k - 11. Let x be y(-6). Suppose 4*b = f + 262, 4*f = 2*b - 145 + x. List the prime factors of b.
5, 13
Suppose -20 = -2*l - 4*i, 0*i - 6 = -l - i. Let b be (-2)/6 - (-873)/27. Suppose j = l*j - b. List the prime factors of j.
2
Let d be 3/(-6)*6 + 6. Suppose 7 = -d*h + 22. Suppose -5*i + 3*i + f + 63 = 0, -h*f = -4*i + 117. What are the prime factors of i?
3, 11
Suppose 3*y - 23 = -4*t + 4*y, -5*t = -y - 28. Suppose 0 = t*j - 3*r - 70, -j + 5*r - 6 = 2. List the prime factors of j.
17
Let b = -13 + 19. Let x be 3/2*(-28)/21. What are the prime factors of 21 - b/x*-1?
2, 3
Let g(y) = -9*y + 27. Let t be (-39 - -14)*(6/(-5))/(-3). What are the prime factors of g(t)?
3, 13
Suppose 17*y + 504 = 26*y. List the prime factors of y.
2, 7
Suppose -l - 2*l = -120. Suppose 4*o - l = 400. What are the prime factors of o?
2, 5, 11
Let f(a) = a**3 + 15*a**2 + 4. Let j be f(-15). Suppose -j*d + 20 = d. Suppose -5*t - n = -d*t - 7, 5*t - 29 = -3*n. What are the prime factors of t?
2
Let g = -228 - -587. What are the prime factors of g?
359
Let w be (-3 - 1) + 50/2. Let h = 34 - w. What are the prime factors of h?
13
Suppose -6510 = 6*z - 20*z. What are the prime factors of z?
3, 5, 31
Let x be (3 + (-45)/10)*2. List the prime factors of (-2 - -31)/(x + 4).
29
Let d(v) = -v**3 + 9*v - 13 + 3 + 7 + 4*v**2. Let m be d(6). Let f = -13 - m. What are the prime factors of f?
2
Suppose -9*x + 7*x = -12. Suppose -4*d - 126 = -2*i, -5*i + x*d + 336 = 3*d. What are the prime factors of i?
3, 23
List the prime factors of (290 - 2) + (8 - (0 + 6)).
2, 5, 29
Let i = 875 - 566. List the prime factors of i.
3, 103
Let k(v) = 30*v**2 + 5*v + 42. What are the prime factors of k(-4)?
2, 251
Let p = -16 + 19. Suppose 2*y = -p*y + 100. List the prime factors of y.
2, 5
Let k(y) be the first derivative of -39*y**4/4 + y**3/3 - y**2/2 - 2*y + 8. What are the prime factors of k(-1)?
3, 13
Let m = 521 - -113. List the prime factors of m.
2, 317
Let o be (3 - 20/6)*-111. Let a be 9 - 0*4/12*3. Suppose -u + o = -a. What are the prime factors of u?
2, 23
List the prime factors of -470*(4 - (5 - 0)).
2, 5, 47
List the prime factors of (-10243)/(-5) - (6/10 + 0).
2
Suppose -1165 - 9923 = -11*l. What are the prime factors of l?
2, 3, 7
List the prime factors of 24/(-40)*5 - -2715.
2, 3, 113
Suppose 6*u - 2*u = -44. Let z = u - -15. Let c(k) = k**3 - 4*k**2 + 6*k - 2. What are the prime factors of c(z)?
2, 11
Suppose -4*j - 2*a - 2*a + 352 = 0, 4*j - 5*a = 388. Let o = j + -55. Let x = o + 41. List the prime factors of x.
2, 3, 13
Let y = -95 - -153. List the prime factors of y.
2, 29
Let z = -12 - -15. Suppose -a + 4*a = -4*n + 1983, n + z*a = 489. List the prime factors of n/21 - (-8)/28.
2, 3
Suppose -v + 3*k = -11, 1 + 4 = 4*v + k. Let m be v/6 - 214/(-6). List the prime factors of (-189)/(-4) - (-27)/m.
2, 3
Suppose 89 = -10*p + 19. Let x(m) = -m**3 - 3*m**2 + 8*m + 11. List the prime factors of x(p).
151
Suppose 0 = -5*c - 3*x + 2926, -2*x + 3*x = 3*c - 1750. What are the prime factors of c?
2, 73
Let q = -24 + 17. Let h = -62 - q. Let r = 77 + h. What are the prime factors of r?
2, 11
Let o(k) = 2*k**2 + 13*k - 1. Let s be o(-11). Let u = 179 - s. List the prime factors of u.
3
Let x(w) = -w + 3. List the prime factors of x(1).
2
Let m = 8 - 35. Let b(d) = 6*d - 10. Let q(t) = 42*t - 69. Let h(w) = m*b(w) + 4*q(w). What are the prime factors of h(8)?
2, 3, 7
Suppose -l + 4017 = 3699. What are the prime factors of l?
2, 3, 53
Let i = -14 + 8. Let c(w) = 2*w**2 + w - 17. List the prime factors of c(i).
7
Let k(o) = -o**2 + 12*o - 42. Let z be k(8). What are the prime factors of (-16)/z*(390/4 + 0)?
2, 3, 13
Let i(t) = -8*t - 45. Let d be i(-6). Suppose -6 = -2*y, -d*v + 128 = -4*y - 181. List the prime factors of v.
107
Suppose -76 - 59 = b - 2*f, 20 = -4*f. What are the prime factors of (-4)/6*(4 - b/(-10))?
7
Let a be (-2 - 20/(-9))/(26/234). Let g be 6/21 + 12/7. Suppose -m - 2*t = 3, a*t - g = -6*m + 4*m. List the prime factors of m.
5
Suppose -12*w = -13*w + 8. Suppose -14 = -2*z - w. Suppose -j - 4*g + 2*g = -58, -154 = -z*j - 2*g. List the prime factors of j.
2, 3
Let y be -3 - (-44)/12 - 23/3. Let a(u) = -u - 2*u + 0*u - 2 + u**2. List the prime factors of a(y).
2, 17
Suppose -2*d + 3*p + 2232 = 6*p, -d + 2*p = -1109. List the prime factors of d.
3, 7, 53
Suppose 0 = 29*x - 30*x + 10. Suppose 5*z = x*z - 35. What are the prime factors of (-2)/z - 930/(-21)?
2, 11
Suppose -4*a = 2*r - a, 0 = 4*r - a. Suppose r = z - 2*z + 70. List the prime factors of z.
2, 5, 7
Let l be 1 + 76 - (-4 + 3). Suppose -125*u = -124*u - 2. Suppose 2*p + u*c - l = 0, 0*p - 4*c + 30 = p. What are the prime factors of p?
2, 3, 7
Let q be (-8)/5*30/12. List the prime factors of (-215)/q - (-81)/(-108).
53
Suppose s = -j - 2*j + 2, 2*j = 3*s - 17. Suppose 5*p + y - 816 = 0, 4*p + 352 = y + 1012. Suppose -p = t - s*t. What are the prime factors of t?
41
Let j be (-8 - -1)*20/(-14). Let n be (-14)/4 + (-5)/j. Let a(i) = i**2 - 3*i - 3. What are the prime factors of a(n)?
5
Let s(c) = -c**3 - 6*c**2 + 10*c + 9. Let i(q) = -q**3 + 10*q**2 - 11*q + 12. Let p be i(9). Let d be s(p). Let r = d - -98. List the prime factors of r.
47
Suppose -30 = -0*l + 6*l. Let u be ((-20)/(-8))/(l/(-4)). Suppose -5*q = 3*p - 128, -78 = -u*p + 6*q - 2*q. List the prime factors of p.
41
Suppose -3*k = -2*p + k - 32, -4*k = -3*p - 40. List the prime factors of (p - -14)*(5 + 1).
2, 3
Let b = -29 - 4. What are the prime fact